{"id":18,"date":"2019-04-22T11:42:29","date_gmt":"2019-04-22T09:42:29","guid":{"rendered":"http:\/\/umabci.uma.es\/siccau\/?page_id=18"},"modified":"2022-09-01T12:50:08","modified_gmt":"2022-09-01T10:50:08","slug":"publicaciones","status":"publish","type":"page","link":"https:\/\/umabci.uma.es\/siccau\/index.php\/publicaciones\/","title":{"rendered":"Publicaciones"},"content":{"rendered":"\n<ul><li>Velasco-\u00c1lvarez, F., Fern\u00e1ndez-Rodr\u00edguez, A., Ron-Angevin, R., \u00abBrain-computer interface (BCI)-generated speech to control domotic devices\u00bb, <em>Neurocomputing<\/em>, 2022 (<a href=\"https:\/\/doi.org\/10.1016\/j.neucom.2022.08.068\" target=\"_blank\" rel=\"noreferrer noopener\">Link<\/a>)<\/li><li>Velasco-\u00c1lvarez, F., Fern\u00e1ndez-Rodr\u00edguez, A., Vizca\u00edno-Mart\u00edn, F.J., D\u00edaz-Estrella, A., Ron-Angevin, R., \u00abBrain\u2013Computer Interface (BCI) Control of a Virtual Assistant in a Smartphone to Manage Messaging Applications\u00bb, <em>Sensors<\/em>, 2021 (<a href=\"https:\/\/www.mdpi.com\/1125826\" target=\"_blank\" rel=\"noreferrer noopener\">Link<\/a>)<\/li><li>Fern\u00e1ndez-Rodr\u00edguez, A., Medina-Juli\u00e1, M.T., Velasco-\u00c1lvarez, F., Ron-Angevin, R., \u00abDifferent effects of using pictures as stimuli in a P300 brain-computer interface under rapid serial visual presentation or row-column paradigm\u00bb, <em><em>Medical &amp; Biological Engineering &amp; Computing<\/em><\/em>, 2021 (<a href=\"https:\/\/link.springer.com\/article\/10.1007\/s11517-021-02340-y\" target=\"_blank\" rel=\"noreferrer noopener\">Link<\/a>)<\/li><li>Velasco-\u00c1lvarez, F., Fern\u00e1ndez-Rodr\u00edguez, \u00c1., Medina-Juli\u00e1, M.T., Ron-Angevin, R. ,\u00a0 \u201cSpeech stream segregation to control an ERP-based auditory BCI\u201d,\u00a0 <em>Journal of Neural Engineering, 2021 <\/em>(<a href=\"https:\/\/dx.doi.org\/10.1088\/1741-2552\/abdd44\" target=\"_blank\" rel=\"noreferrer noopener\">Link<\/a>)<\/li><li>Fern\u00e1ndez-Rodr\u00edguez, A., Ron-Angevin, R., Sanz-Arigita, E., Parize, A., Esquirol, J., Perrier, A., Laur, S., Andr\u00e9, J.M., Lespinet-Najib, V., Garc\u00eda. L., \u00abEffect of Distracting Background Speech in an Auditory Brain\u2013Computer Interface\u00bb,<em> Brain Sciences<\/em>, 2021, (<a href=\"https:\/\/doi.org\/10.3390\/brainsci11010039\" target=\"_blank\" rel=\"noreferrer noopener\">Link<\/a>)<\/li><li>Ricardo Ron-Angevin, M. Teresa Medina-Juli\u00e1, \u00c1lvaro Fern\u00e1ndez-Rodr\u00edguez, Francisco Velasco-\u00c1lvarez, Jean-Marc Andre, Veronique Lespinet-Najib, Liliana Audin Garcia, \u00abPerformance analysis with different types of visual stimuli in a BCI-based speller under an RSVP paradigm\u00bb, <em>Frontiers in Computational Neuroscience<\/em>, 2021 (<a href=\"https:\/\/doi.org\/10.3389\/fncom.2020.587702\" target=\"_blank\" rel=\"noreferrer noopener\">Link<\/a>)<\/li><li>Medina-Juli\u00e1, M.T., Fern\u00e1ndez-Rodr\u00edguez, A., Velasco-\u00c1lvarez, F., Ron-Angevin, R., \u00abP300-Based Brain-Computer Interface Speller: Usability Evaluation of Three Speller Sizes by Severely Motor-Disabled Patients\u00bb, <em>Frontiers in Human Neuroscience<\/em>, 2020 (<a rel=\"noreferrer noopener\" href=\"https:\/\/www.frontiersin.org\/articles\/10.3389\/fnhum.2020.583358\/full\" target=\"_blank\">Link<\/a>)<\/li><li>Fern\u00e1ndez-Rodr\u00edguez, A., Medina-Juli\u00e1, M.T.,  Velasco-\u00c1lvarez, F., Ron-Angevin, R., \u00abEffects of Spatial Stimulus Overlap in a Visual P300-based Brain-computer Interface\u00bb, <em>Neuroscience<\/em>, 2020 (<a href=\"https:\/\/www.sciencedirect.com\/science\/article\/pii\/S030645222030097X\">Link<\/a>)<\/li><li>Fern\u00e1ndez-Rodr\u00edguez, \u00c1.,   Velasco-\u00c1lvarez, F., Medina-Juli\u00e1, M.T.,     Ron-Angevin, R. , \u00abEvaluation of emotional and neutral pictures as  flashing stimuli using a P300 brain-computer interface speller \u00ab,  <em>Journal of Neural Engineering<\/em> , 2019 (<a href=\"https:\/\/iopscience.iop.org\/article\/10.1088\/1741-2552\/ab386d\">Link<\/a>)   <\/li><li>Fern\u00e1ndez-Rodr\u00edguez, \u00c1.,   Velasco-\u00c1lvarez, F., Medina-Juli\u00e1, M.T.,   Ron-Angevin, R. , \u00abEvaluation of flashing stimuli shape and colour heterogeneity using a P300 brain-computer interface speller\u00bb, <em>Neuroscience Letters<\/em>, 2019 (<a href=\"https:\/\/doi.org\/10.1016\/j.neulet.2019.134385\">Link<\/a>)<\/li><li> Fern\u00e1ndez-Rodr\u00edguez, \u00c1lvaro;  Medina-Juli\u00e1, M. Teresa;  Velasco-\u00c1lvarez,   Francisco, Ron-Angevin, Ricardo, \u00abPosible efecto de interacci\u00f3n entre  el paradigma de presentaci\u00f3n y el  conjunto de est\u00edmulos en un teclado  virtual controlado a trav\u00e9s de una  interfaz cerebro-ordenador basada en  P300\u00bb, Actas del 11\u00ba<em> Simposio CEA de Bioingenier\u00eda 2019, <\/em>Valencia, Spain, July 2019. <\/li><li> Ricardo Ron-Angevin, Ma\u00eblle Abadie, Ma\u00eblle Cloarec, Martin Filosa, Maurine Jouault, Quentin Pestre-Sorge, V\u00e9ronique Lespinet-Najib, Jean-Marc Andr\u00e9, Liliana Garc\u00eda, \u00abExploring a P300 Brain-Computer Interface Based on Three Different RSVP Paradigms\u00bb, Proceedings of the <em>Fourth International Conference on Neuroscience and Cognitive Brain Information, BRAININFO 2019<\/em>, June 30- July 4,\u00a0 2019, Rome, Italy.\u00a0 (<a href=\"http:\/\/www.licom.uma.es\/wp-content\/uploads\/2019\/07\/braininfo_2019_1_40_90021.pdf\">Link<\/a>).  Este art\u00edculo fue uno de los premiados con el  reconocimiento \u201c<a href=\"https:\/\/www.iaria.org\/conferences2019\/awardsBRAININFO19\/braininfo2019_a1.pdf\">Best Paper Award<\/a>\u201d de dicha conferencia. <\/li><\/ul>\n","protected":false},"excerpt":{"rendered":"<p>Velasco-\u00c1lvarez, F., Fern\u00e1ndez-Rodr\u00edguez, A., Ron-Angevin, R., \u00abBrain-computer interface (BCI)-generated speech to control domotic devices\u00bb, Neurocomputing, 2022 (Link) Velasco-\u00c1lvarez, F., Fern\u00e1ndez-Rodr\u00edguez, A., Vizca\u00edno-Mart\u00edn, F.J., D\u00edaz-Estrella, A., Ron-Angevin, R., \u00abBrain\u2013Computer Interface (BCI) Control of a Virtual Assistant in a Smartphone to Manage Messaging Applications\u00bb, Sensors, 2021 (Link) Fern\u00e1ndez-Rodr\u00edguez, A., Medina-Juli\u00e1, M.T., Velasco-\u00c1lvarez, F., Ron-Angevin, R., \u00abDifferent effects &hellip; <a href=\"https:\/\/umabci.uma.es\/siccau\/index.php\/publicaciones\/\" class=\"more-link\">Seguir leyendo <span class=\"screen-reader-text\">Publicaciones<\/span> <span class=\"meta-nav\">&rarr;<\/span><\/a><\/p>\n","protected":false},"author":1,"featured_media":0,"parent":0,"menu_order":0,"comment_status":"closed","ping_status":"closed","template":"","meta":{"footnotes":""},"yoast_head":"<!-- This site is optimized with the Yoast SEO plugin v21.2 - https:\/\/yoast.com\/wordpress\/plugins\/seo\/ -->\n<title>Publicaciones SICCAU<\/title>\n<meta name=\"description\" content=\"Publicaciones del proyecto SICCAU en el campo de los Brain-Computer Interfaces.\" \/>\n<meta name=\"robots\" content=\"index, follow, max-snippet:-1, max-image-preview:large, max-video-preview:-1\" \/>\n<link rel=\"canonical\" href=\"https:\/\/umabci.uma.es\/siccau\/index.php\/publicaciones\/\" \/>\n<meta property=\"og:locale\" content=\"es_ES\" \/>\n<meta property=\"og:type\" content=\"article\" \/>\n<meta property=\"og:title\" content=\"Publicaciones SICCAU\" \/>\n<meta property=\"og:description\" content=\"Publicaciones del proyecto SICCAU en el campo de los Brain-Computer Interfaces.\" \/>\n<meta property=\"og:url\" content=\"https:\/\/umabci.uma.es\/siccau\/index.php\/publicaciones\/\" \/>\n<meta property=\"og:site_name\" content=\"SICCAU\" \/>\n<meta property=\"article:modified_time\" content=\"2022-09-01T10:50:08+00:00\" \/>\n<meta name=\"twitter:card\" content=\"summary_large_image\" \/>\n<meta name=\"twitter:label1\" content=\"Tiempo de lectura\" \/>\n\t<meta name=\"twitter:data1\" content=\"2 minutos\" \/>\n<script type=\"application\/ld+json\" class=\"yoast-schema-graph\">{\"@context\":\"https:\/\/schema.org\",\"@graph\":[{\"@type\":\"WebPage\",\"@id\":\"https:\/\/umabci.uma.es\/siccau\/index.php\/publicaciones\/\",\"url\":\"https:\/\/umabci.uma.es\/siccau\/index.php\/publicaciones\/\",\"name\":\"Publicaciones SICCAU\",\"isPartOf\":{\"@id\":\"https:\/\/umabci.uma.es\/siccau\/#website\"},\"datePublished\":\"2019-04-22T09:42:29+00:00\",\"dateModified\":\"2022-09-01T10:50:08+00:00\",\"description\":\"Publicaciones del proyecto SICCAU en el campo de los Brain-Computer Interfaces.\",\"breadcrumb\":{\"@id\":\"https:\/\/umabci.uma.es\/siccau\/index.php\/publicaciones\/#breadcrumb\"},\"inLanguage\":\"es\",\"potentialAction\":[{\"@type\":\"ReadAction\",\"target\":[\"https:\/\/umabci.uma.es\/siccau\/index.php\/publicaciones\/\"]}]},{\"@type\":\"BreadcrumbList\",\"@id\":\"https:\/\/umabci.uma.es\/siccau\/index.php\/publicaciones\/#breadcrumb\",\"itemListElement\":[{\"@type\":\"ListItem\",\"position\":1,\"name\":\"Portada\",\"item\":\"https:\/\/umabci.uma.es\/siccau\/\"},{\"@type\":\"ListItem\",\"position\":2,\"name\":\"Publicaciones\"}]},{\"@type\":\"WebSite\",\"@id\":\"https:\/\/umabci.uma.es\/siccau\/#website\",\"url\":\"https:\/\/umabci.uma.es\/siccau\/\",\"name\":\"SICCAU\",\"description\":\"Interfaces Cerebro-Computadora\",\"potentialAction\":[{\"@type\":\"SearchAction\",\"target\":{\"@type\":\"EntryPoint\",\"urlTemplate\":\"https:\/\/umabci.uma.es\/siccau\/?s={search_term_string}\"},\"query-input\":\"required name=search_term_string\"}],\"inLanguage\":\"es\"}]}<\/script>\n<!-- \/ Yoast SEO plugin. -->","yoast_head_json":{"title":"Publicaciones SICCAU","description":"Publicaciones del proyecto SICCAU en el campo de los Brain-Computer Interfaces.","robots":{"index":"index","follow":"follow","max-snippet":"max-snippet:-1","max-image-preview":"max-image-preview:large","max-video-preview":"max-video-preview:-1"},"canonical":"https:\/\/umabci.uma.es\/siccau\/index.php\/publicaciones\/","og_locale":"es_ES","og_type":"article","og_title":"Publicaciones SICCAU","og_description":"Publicaciones del proyecto SICCAU en el campo de los Brain-Computer Interfaces.","og_url":"https:\/\/umabci.uma.es\/siccau\/index.php\/publicaciones\/","og_site_name":"SICCAU","article_modified_time":"2022-09-01T10:50:08+00:00","twitter_card":"summary_large_image","twitter_misc":{"Tiempo de lectura":"2 minutos"},"schema":{"@context":"https:\/\/schema.org","@graph":[{"@type":"WebPage","@id":"https:\/\/umabci.uma.es\/siccau\/index.php\/publicaciones\/","url":"https:\/\/umabci.uma.es\/siccau\/index.php\/publicaciones\/","name":"Publicaciones SICCAU","isPartOf":{"@id":"https:\/\/umabci.uma.es\/siccau\/#website"},"datePublished":"2019-04-22T09:42:29+00:00","dateModified":"2022-09-01T10:50:08+00:00","description":"Publicaciones del proyecto SICCAU en el campo de los Brain-Computer Interfaces.","breadcrumb":{"@id":"https:\/\/umabci.uma.es\/siccau\/index.php\/publicaciones\/#breadcrumb"},"inLanguage":"es","potentialAction":[{"@type":"ReadAction","target":["https:\/\/umabci.uma.es\/siccau\/index.php\/publicaciones\/"]}]},{"@type":"BreadcrumbList","@id":"https:\/\/umabci.uma.es\/siccau\/index.php\/publicaciones\/#breadcrumb","itemListElement":[{"@type":"ListItem","position":1,"name":"Portada","item":"https:\/\/umabci.uma.es\/siccau\/"},{"@type":"ListItem","position":2,"name":"Publicaciones"}]},{"@type":"WebSite","@id":"https:\/\/umabci.uma.es\/siccau\/#website","url":"https:\/\/umabci.uma.es\/siccau\/","name":"SICCAU","description":"Interfaces Cerebro-Computadora","potentialAction":[{"@type":"SearchAction","target":{"@type":"EntryPoint","urlTemplate":"https:\/\/umabci.uma.es\/siccau\/?s={search_term_string}"},"query-input":"required name=search_term_string"}],"inLanguage":"es"}]}},"_links":{"self":[{"href":"https:\/\/umabci.uma.es\/siccau\/index.php\/wp-json\/wp\/v2\/pages\/18"}],"collection":[{"href":"https:\/\/umabci.uma.es\/siccau\/index.php\/wp-json\/wp\/v2\/pages"}],"about":[{"href":"https:\/\/umabci.uma.es\/siccau\/index.php\/wp-json\/wp\/v2\/types\/page"}],"author":[{"embeddable":true,"href":"https:\/\/umabci.uma.es\/siccau\/index.php\/wp-json\/wp\/v2\/users\/1"}],"replies":[{"embeddable":true,"href":"https:\/\/umabci.uma.es\/siccau\/index.php\/wp-json\/wp\/v2\/comments?post=18"}],"version-history":[{"count":32,"href":"https:\/\/umabci.uma.es\/siccau\/index.php\/wp-json\/wp\/v2\/pages\/18\/revisions"}],"predecessor-version":[{"id":481,"href":"https:\/\/umabci.uma.es\/siccau\/index.php\/wp-json\/wp\/v2\/pages\/18\/revisions\/481"}],"wp:attachment":[{"href":"https:\/\/umabci.uma.es\/siccau\/index.php\/wp-json\/wp\/v2\/media?parent=18"}],"curies":[{"name":"wp","href":"https:\/\/api.w.org\/{rel}","templated":true}]}}