{"id":41,"date":"2019-04-22T12:44:28","date_gmt":"2019-04-22T10:44:28","guid":{"rendered":"http:\/\/umabci.uma.es\/siccau\/?page_id=41"},"modified":"2021-12-20T22:51:44","modified_gmt":"2021-12-20T21:51:44","slug":"news","status":"publish","type":"page","link":"https:\/\/umabci.uma.es\/siccau\/index.php\/en\/news\/","title":{"rendered":"News"},"content":{"rendered":"\n<ul><li>13\/12\/2021. <a href=\"https:\/\/idescubre.fundaciondescubre.es\/noticias\/volver-a-comunicarse-con-una-discapacidad-motora-grave\/\" target=\"_blank\" rel=\"noreferrer noopener\">Press release<\/a> from Fundaci\u00f3n Descubre regarding the Press article in several media: <a href=\"https:\/\/www.diariosur.es\/universidad\/investigadores-uma-prototipo-senales-cerebrales-personas-discapacidad-20211213151247-nt.html\" target=\"_blank\" rel=\"noreferrer noopener\">Diario Sur<\/a>, <a href=\"https:\/\/www.laopiniondemalaga.es\/malaga\/2021\/12\/20\/investigadores-universidad-malaga-ela-comunicarse-escrito-60737504.html\" target=\"_blank\" rel=\"noreferrer noopener\">La Opini\u00f3n de M\u00e1laga<\/a>, <a href=\"https:\/\/www.cope.es\/actualidad\/tecnologia\/noticias\/prototipo-lee-senales-cerebrales-personas-con-discapacidad-motora-grave-20211213_1672679\" target=\"_blank\" rel=\"noreferrer noopener\">COPE<\/a>, <a href=\"https:\/\/www.diaridegirona.cat\/salut\/2021\/12\/16\/prototip-llegeix-senyals-cerebrals-persones-60724474.html\" target=\"_blank\" rel=\"noreferrer noopener\">Diari de Girona<\/a>, <a href=\"https:\/\/noticiasdelaciencia.com\/art\/43318\/lectura-simple-del-pensamiento-para-personas-con-discapacidad-motora-grave\" target=\"_blank\" rel=\"noreferrer noopener\">Noticias de Ciencia<\/a>. <\/li><li>23\/11\/2021. Appearance of the UMA-BCI group in the TV program <a href=\"https:\/\/www.rtve.es\/play\/videos\/la-aventura-del-saber\/23-11-2021\/6222902\/\" target=\"_blank\" rel=\"noreferrer noopener\">La Aventura del Saber<\/a>, starting at minute 18:45 <\/li><li>05\/09\/2019. The paper preented in the conference BRAININFO 2019,    \u201cExploring a P300 Brain-Computer Interface Based on Three Different RSVP  Paradigms\u201d has been awarded as the best paper, (<a href=\"https:\/\/www.iaria.org\/conferences2019\/awardsBRAININFO19\/braininfo2019_a1.pdf\">link<\/a>).    <\/li><li> 2\/10\/2019. Press reference to the UMA-BCI group in the popular science magazine Novaciencia. <a href=\"https:\/\/novaciencia.es\/sindrome-enclaustramiento-ela\/\">Online<\/a> version, <a href=\"https:\/\/novaciencia.es\/wp-content\/uploads\/2019\/10\/Nova_Ciencia.154.Octubre_2019.Gota_fria.pdf\">pdf<\/a> version (page 26).  <\/li><\/ul>\n","protected":false},"excerpt":{"rendered":"<p>13\/12\/2021. Press release from Fundaci\u00f3n Descubre regarding the Press article in several media: Diario Sur, La Opini\u00f3n de M\u00e1laga, COPE, Diari de Girona, Noticias de Ciencia. 23\/11\/2021. Appearance of the UMA-BCI group in the TV program La Aventura del Saber, starting at minute 18:45 05\/09\/2019. The paper preented in the conference BRAININFO 2019, \u201cExploring a &hellip; <a href=\"https:\/\/umabci.uma.es\/siccau\/index.php\/en\/news\/\" class=\"more-link\">Seguir leyendo <span class=\"screen-reader-text\">News<\/span> <span class=\"meta-nav\">&rarr;<\/span><\/a><\/p>\n","protected":false},"author":1,"featured_media":0,"parent":0,"menu_order":0,"comment_status":"closed","ping_status":"closed","template":"","meta":{"footnotes":""},"yoast_head":"<!-- This site is optimized with the Yoast SEO plugin v21.2 - https:\/\/yoast.com\/wordpress\/plugins\/seo\/ -->\n<title>News - SICCAU<\/title>\n<meta name=\"robots\" content=\"index, follow, max-snippet:-1, max-image-preview:large, max-video-preview:-1\" \/>\n<link rel=\"canonical\" href=\"https:\/\/umabci.uma.es\/siccau\/index.php\/en\/news\/\" \/>\n<meta property=\"og:locale\" content=\"es_ES\" \/>\n<meta property=\"og:type\" content=\"article\" \/>\n<meta property=\"og:title\" content=\"News - SICCAU\" \/>\n<meta property=\"og:description\" content=\"13\/12\/2021. Press release from Fundaci\u00f3n Descubre regarding the Press article in several media: Diario Sur, La Opini\u00f3n de M\u00e1laga, COPE, Diari de Girona, Noticias de Ciencia. 23\/11\/2021. Appearance of the UMA-BCI group in the TV program La Aventura del Saber, starting at minute 18:45 05\/09\/2019. The paper preented in the conference BRAININFO 2019, \u201cExploring a &hellip; Seguir leyendo News &rarr;\" \/>\n<meta property=\"og:url\" content=\"https:\/\/umabci.uma.es\/siccau\/index.php\/en\/news\/\" \/>\n<meta property=\"og:site_name\" content=\"SICCAU\" \/>\n<meta property=\"article:modified_time\" content=\"2021-12-20T21:51:44+00:00\" \/>\n<meta name=\"twitter:card\" content=\"summary_large_image\" \/>\n<meta name=\"twitter:label1\" content=\"Tiempo de lectura\" \/>\n\t<meta name=\"twitter:data1\" content=\"1 minuto\" \/>\n<script type=\"application\/ld+json\" class=\"yoast-schema-graph\">{\"@context\":\"https:\/\/schema.org\",\"@graph\":[{\"@type\":\"WebPage\",\"@id\":\"https:\/\/umabci.uma.es\/siccau\/index.php\/en\/news\/\",\"url\":\"https:\/\/umabci.uma.es\/siccau\/index.php\/en\/news\/\",\"name\":\"News - SICCAU\",\"isPartOf\":{\"@id\":\"https:\/\/umabci.uma.es\/siccau\/#website\"},\"datePublished\":\"2019-04-22T10:44:28+00:00\",\"dateModified\":\"2021-12-20T21:51:44+00:00\",\"breadcrumb\":{\"@id\":\"https:\/\/umabci.uma.es\/siccau\/index.php\/en\/news\/#breadcrumb\"},\"inLanguage\":\"es\",\"potentialAction\":[{\"@type\":\"ReadAction\",\"target\":[\"https:\/\/umabci.uma.es\/siccau\/index.php\/en\/news\/\"]}]},{\"@type\":\"BreadcrumbList\",\"@id\":\"https:\/\/umabci.uma.es\/siccau\/index.php\/en\/news\/#breadcrumb\",\"itemListElement\":[{\"@type\":\"ListItem\",\"position\":1,\"name\":\"Portada\",\"item\":\"https:\/\/umabci.uma.es\/siccau\/\"},{\"@type\":\"ListItem\",\"position\":2,\"name\":\"News\"}]},{\"@type\":\"WebSite\",\"@id\":\"https:\/\/umabci.uma.es\/siccau\/#website\",\"url\":\"https:\/\/umabci.uma.es\/siccau\/\",\"name\":\"SICCAU\",\"description\":\"Interfaces Cerebro-Computadora\",\"potentialAction\":[{\"@type\":\"SearchAction\",\"target\":{\"@type\":\"EntryPoint\",\"urlTemplate\":\"https:\/\/umabci.uma.es\/siccau\/?s={search_term_string}\"},\"query-input\":\"required name=search_term_string\"}],\"inLanguage\":\"es\"}]}<\/script>\n<!-- \/ Yoast SEO plugin. -->","yoast_head_json":{"title":"News - SICCAU","robots":{"index":"index","follow":"follow","max-snippet":"max-snippet:-1","max-image-preview":"max-image-preview:large","max-video-preview":"max-video-preview:-1"},"canonical":"https:\/\/umabci.uma.es\/siccau\/index.php\/en\/news\/","og_locale":"es_ES","og_type":"article","og_title":"News - SICCAU","og_description":"13\/12\/2021. Press release from Fundaci\u00f3n Descubre regarding the Press article in several media: Diario Sur, La Opini\u00f3n de M\u00e1laga, COPE, Diari de Girona, Noticias de Ciencia. 23\/11\/2021. Appearance of the UMA-BCI group in the TV program La Aventura del Saber, starting at minute 18:45 05\/09\/2019. The paper preented in the conference BRAININFO 2019, \u201cExploring a &hellip; Seguir leyendo News &rarr;","og_url":"https:\/\/umabci.uma.es\/siccau\/index.php\/en\/news\/","og_site_name":"SICCAU","article_modified_time":"2021-12-20T21:51:44+00:00","twitter_card":"summary_large_image","twitter_misc":{"Tiempo de lectura":"1 minuto"},"schema":{"@context":"https:\/\/schema.org","@graph":[{"@type":"WebPage","@id":"https:\/\/umabci.uma.es\/siccau\/index.php\/en\/news\/","url":"https:\/\/umabci.uma.es\/siccau\/index.php\/en\/news\/","name":"News - SICCAU","isPartOf":{"@id":"https:\/\/umabci.uma.es\/siccau\/#website"},"datePublished":"2019-04-22T10:44:28+00:00","dateModified":"2021-12-20T21:51:44+00:00","breadcrumb":{"@id":"https:\/\/umabci.uma.es\/siccau\/index.php\/en\/news\/#breadcrumb"},"inLanguage":"es","potentialAction":[{"@type":"ReadAction","target":["https:\/\/umabci.uma.es\/siccau\/index.php\/en\/news\/"]}]},{"@type":"BreadcrumbList","@id":"https:\/\/umabci.uma.es\/siccau\/index.php\/en\/news\/#breadcrumb","itemListElement":[{"@type":"ListItem","position":1,"name":"Portada","item":"https:\/\/umabci.uma.es\/siccau\/"},{"@type":"ListItem","position":2,"name":"News"}]},{"@type":"WebSite","@id":"https:\/\/umabci.uma.es\/siccau\/#website","url":"https:\/\/umabci.uma.es\/siccau\/","name":"SICCAU","description":"Interfaces Cerebro-Computadora","potentialAction":[{"@type":"SearchAction","target":{"@type":"EntryPoint","urlTemplate":"https:\/\/umabci.uma.es\/siccau\/?s={search_term_string}"},"query-input":"required name=search_term_string"}],"inLanguage":"es"}]}},"_links":{"self":[{"href":"https:\/\/umabci.uma.es\/siccau\/index.php\/wp-json\/wp\/v2\/pages\/41"}],"collection":[{"href":"https:\/\/umabci.uma.es\/siccau\/index.php\/wp-json\/wp\/v2\/pages"}],"about":[{"href":"https:\/\/umabci.uma.es\/siccau\/index.php\/wp-json\/wp\/v2\/types\/page"}],"author":[{"embeddable":true,"href":"https:\/\/umabci.uma.es\/siccau\/index.php\/wp-json\/wp\/v2\/users\/1"}],"replies":[{"embeddable":true,"href":"https:\/\/umabci.uma.es\/siccau\/index.php\/wp-json\/wp\/v2\/comments?post=41"}],"version-history":[{"count":18,"href":"https:\/\/umabci.uma.es\/siccau\/index.php\/wp-json\/wp\/v2\/pages\/41\/revisions"}],"predecessor-version":[{"id":478,"href":"https:\/\/umabci.uma.es\/siccau\/index.php\/wp-json\/wp\/v2\/pages\/41\/revisions\/478"}],"wp:attachment":[{"href":"https:\/\/umabci.uma.es\/siccau\/index.php\/wp-json\/wp\/v2\/media?parent=41"}],"curies":[{"name":"wp","href":"https:\/\/api.w.org\/{rel}","templated":true}]}}