{"id":49,"date":"2019-04-22T13:09:42","date_gmt":"2019-04-22T11:09:42","guid":{"rendered":"https:\/\/umabci.uma.es\/sicodis\/?page_id=49"},"modified":"2025-10-30T17:28:05","modified_gmt":"2025-10-30T16:28:05","slug":"publications","status":"publish","type":"page","link":"https:\/\/umabci.uma.es\/sicodis\/index.php\/en\/publications\/","title":{"rendered":"Publications"},"content":{"rendered":"\n<p class=\"has-medium-font-size\" style=\"font-style:normal;font-weight:700\">Journals<\/p>\n\n\n\n<ul class=\"wp-block-list\">\n<li>\u00c0lvaro Fern\u00e1ndez-Rodr\u00edguez, Mattieu Marchais, Lou P\u00e9pin, Lucas Sainte-Croix, Julia Zitouni-Flambard, V\u00e9ronique Lespinet-Najib, Jean-Marc Andr\u00e9 &amp; Ricardo Ron-Angevin, \u00abEvaluating Color Heterogeneity in\u00a0RSVP-Based ERP-BCIs\u00bb, International Work-Conference on Artificial Neural Networks (IWANN 2025), pp 548-557. (<a href=\"https:\/\/link.springer.com\/chapter\/10.1007\/978-3-032-02728-3_44\">Link<\/a>)<\/li>\n\n\n\n<li>Fern\u00e1ndez-Rodr\u00edguez, \u00c1., Velasco-\u00c1lvarez, F., Vizca\u00edno-Mart\u00edn, F.J., Ron-Angevin, R., \u00abImpact of stimulus presentation speed in a visual ERP-based BCI under RSVP\u00bb, Cognitive Neurodynamics, 2025, 19(171) (<a href=\"https:\/\/link.springer.com\/article\/10.1007\/s11571-025-10359-2\">Link<\/a>)<\/li>\n\n\n\n<li>Ron-Angevin, R., Fern\u00e1ndez-Rodr\u00edguez, \u00c1., Velasco-\u00c1lvarez, F., Lespinet-Najib, V., Andr\u00e9, J.-M., \u00abEvaluation of Different Types of Stimuli in an Event-Related Potential-Based Brain\u2013Computer Interface Speller under Rapid Serial Visual Presentation\u00bb, Sensors, 2024, 24(11), 3315 (<a href=\"https:\/\/www.mdpi.com\/1424-8220\/24\/11\/3315\">Link<\/a>)<\/li>\n\n\n\n<li>Fern\u00e1ndez-Rodr\u00edguez, \u00c1., Mart\u00ednez-Cagigal, V., Santamar\u00eda-V\u00e1zquez, E., Ron-Angevin, R., Hornero, R., \u00abInfluence of spatial frequency in visual stimuli for cVEP-based BCIs: evaluation of performance and user experience\u00bb, Frontiers in Human Neuroscience, 2023, 17, 1288438 (<a href=\"https:\/\/www.frontiersin.org\/journals\/human-neuroscience\/articles\/10.3389\/fnhum.2023.1288438\/full\">Link<\/a>)<\/li>\n\n\n\n<li>Ron-Angevin, R., Fern\u00e1ndez-Rodr\u00edguez, \u00c1., Velasco-\u00c1lvarez, F., Lespinet-Najib, V., Andr\u00e9, J.-M., \u00abUsability of three software platforms for modifying graphical layout in visual P300-based brain-computer interface\u00bb, Biomedical Signal Processing and Control, 2023, 86, 105326 (<a href=\"https:\/\/www.sciencedirect.com\/science\/article\/pii\/S1746809423007590?via%3Dihub\">Link<\/a>)<\/li>\n\n\n\n<li>Velasco-\u00c1lvarez, F., Fern\u00e1ndez-Rodr\u00edguez, \u00c1., Ron-Angevin, R., \u00abHome automation system controlled through a brain-computer interface | Sistema dom\u00f3tico controlado a trav\u00e9s de una interfaz cerebro-ordenador\u00bb, <em>RIAI \u2013 Revista Iberoamericana de Automatica e Informatica Industrial<\/em>, 2023 (<a href=\"https:\/\/polipapers.upv.es\/index.php\/RIAI\/article\/view\/18718\">Link<\/a>)<\/li>\n\n\n\n<li>Ron-Angevin, R., Fern\u00e1ndez-Rodr\u00edguez, \u00c1., Dupont, C.,Lespinet-Najib, V., Andr\u00e9, J.-M., \u00abComparison of Two Paradigms Based on Stimulation with Images in a Spelling Brain\u2013Computer Interface\u00bb, <em>Sensors<\/em>, 2023 (<a href=\"https:\/\/www.mdpi.com\/1424-8220\/23\/3\/1304\">Link<\/a>)<\/li>\n\n\n\n<li>Fern\u00e1ndez-Rodr\u00edguez, A., Ron-Angevin, R., Velasco-\u00c1lvarez, F., Diaz-Pineda, J., Letouz\u00e9, T., Andr\u00e9,J.M., \u00abEvaluation of Single-Trial Classification to Control a Visual ERP-BCI under a Situation Awareness Scenario\u00bb, <em>Brain Sciences<\/em>, 2023, 13(6), (<a href=\"https:\/\/www.mdpi.com\/2076-3425\/13\/6\/886\" target=\"_blank\" rel=\"noreferrer noopener\">Link<\/a>)<\/li>\n\n\n\n<li>Fern\u00e1ndez-Rodr\u00edguez, A., Darves-Bornoz, A., Velasco-\u00c1lvarez, F., Ron-Angevin, R., \u00abEffect of Stimulus Size in a Visual ERP-Based BCI under RSVP\u00bb, <em>Sensors<\/em>, 2022 (<a href=\"https:\/\/www.mdpi.com\/1424-8220\/22\/23\/9505\" target=\"_blank\" rel=\"noreferrer noopener\">Link<\/a>).<\/li>\n<\/ul>\n\n\n\n<p class=\"has-medium-font-size\"><strong>Conferences<\/strong><\/p>\n\n\n\n<ul class=\"wp-block-list\">\n<li>Fern\u00e1ndez-Rodr\u00edguez, A., \u00c1lvarez, C., Langin, C., Velasco-\u00c1lvarez,F., Letouze,T., Andre, J.-M., Ron-Angevin, R., \u00abExploring the impact of stimulus transparency in ERP-BCI under RSVP\u00bb, ACM International Conference Proceeding Series, 2024, pp. 9\u201314 (<a href=\"https:\/\/dl.acm.org\/doi\/10.1145\/3652037.3652045\">Link<\/a>)<\/li>\n\n\n\n<li>Ron-Angevin, R., Fern\u00e1ndez-Rodr\u00edguez, \u00c1., Lespinet-Najib, V., Chamard, C., Hardouin, A., Lefevre, I., y Andr\u00e9, J. M. (2023). Evaluation of Different Types of Stimuli in a ERP-Based Brain-Computer Interface Speller under RSVP. In R. Ron-Angevin (Ed.), The Fifteenth International Conference on Advanced Cognitive Technologies and Applications (Issue c, pp. 27\u201331). IARIA. ISBN: 978-1-68558-046-9<\/li>\n\n\n\n<li>Fern\u00e1ndez-Rodr\u00edguez, \u00c1., Ron-Angevin, R., Velasco-\u00c1lvarez, F., Diaz-Pineda, J., Letouz\u00e9, T., y Andr\u00e9. J.-M. (2023). Evaluaci\u00f3n de una interfaz cerebro-ordenador basada en potenciales relacionados con eventos para la detecci\u00f3n de est\u00edmulos visuales en una tarea de vigilancia. En CASEIB 2023. Libro de Actas del XLI Congreso Anual de la Sociedad Espa\u00f1ola de Ingenier\u00eda Biom\u00e9dica, Eds. J. Roca Gonz\u00e1lez, D. Ojados Gonz\u00e1lez, y J. Suard\u00edaz Muro (Cartagena: Universidad Polit\u00e9cnica de Cartagena), 389\u2013392. ISBN: 978-84-17853-76-1 <a href=\"http:\/\/hdl.handle.net\/10317\/12893\">(Link)<\/a><\/li>\n\n\n\n<li>Vizca\u00edno-Mart\u00edn, F. J., Velasco-\u00c1lvarez, F., Fern\u00e1ndez-Rodr\u00edguez, \u00c1., y Ron-Angevin, R. (2023). Propuesta de BCI basado en RSVP con n\u00famero reducido de est\u00edmulos usando el modo de escritura T9. En CASEIB 2023. Libro de Actas del XLI Congreso Anual de la Sociedad Espa\u00f1ola de Ingenier\u00eda Biom\u00e9dica, Eds. J. Roca Gonz\u00e1lez, D. Ojados Gonz\u00e1lez, y J. Suard\u00edaz Muro (Cartagena: Universidad Polit\u00e9cnica de Cartagena), 393\u2013396. ISBN: 978-84-17853-76-1 <a href=\"http:\/\/hdl.handle.net\/10317\/12893\" target=\"_blank\" rel=\"noreferrer noopener\">(Link)<\/a><\/li>\n\n\n\n<li>Fern\u00e1ndez-Rodr\u00edguez, \u00c1., Ron-Angevin, R., Velasco-\u00c1lvarez, F., Diaz-Pineda,J., Letouz\u00e9, T., Andr\u00e9, J.-M., \u00abEvaluation of Visual Parameters to Control a Visual ERP-BCI Under Single-Trial Classification\u00bb, Lecture Notes in Computer Science (including subseries Lecture Notes in Artificial Intelligence and Lecture Notes in Bioinformatics), 2023, 14135 LNCS, pp. 569\u2013579 (<a href=\"https:\/\/link.springer.com\/chapter\/10.1007\/978-3-031-43078-7_46\">Link<\/a>)<\/li>\n<\/ul>\n","protected":false},"excerpt":{"rendered":"<p>Journals Conferences<\/p>\n","protected":false},"author":1,"featured_media":0,"parent":0,"menu_order":0,"comment_status":"closed","ping_status":"closed","template":"","meta":{"footnotes":""},"class_list":["post-49","page","type-page","status-publish","hentry"],"yoast_head":"<!-- This site is optimized with the Yoast SEO plugin v26.2 - https:\/\/yoast.com\/wordpress\/plugins\/seo\/ -->\n<title>Publications SICODIS<\/title>\n<meta name=\"description\" content=\"Publications of the project SICODIS in the field of Brain-Computer Interfaces.\" \/>\n<meta name=\"robots\" content=\"index, follow, max-snippet:-1, max-image-preview:large, max-video-preview:-1\" \/>\n<link rel=\"canonical\" href=\"https:\/\/umabci.uma.es\/sicodis\/index.php\/en\/publications\/\" \/>\n<meta property=\"og:locale\" content=\"es_ES\" \/>\n<meta property=\"og:type\" content=\"article\" \/>\n<meta property=\"og:title\" content=\"Publications SICODIS\" \/>\n<meta property=\"og:description\" content=\"Publications of the project SICODIS in the field of Brain-Computer Interfaces.\" \/>\n<meta property=\"og:url\" content=\"https:\/\/umabci.uma.es\/sicodis\/index.php\/en\/publications\/\" \/>\n<meta property=\"og:site_name\" content=\"SICODIS\" \/>\n<meta property=\"article:modified_time\" content=\"2025-10-30T16:28:05+00:00\" \/>\n<meta name=\"twitter:card\" content=\"summary_large_image\" \/>\n<meta name=\"twitter:label1\" content=\"Tiempo de lectura\" \/>\n\t<meta name=\"twitter:data1\" content=\"3 minutos\" \/>\n<script type=\"application\/ld+json\" class=\"yoast-schema-graph\">{\"@context\":\"https:\/\/schema.org\",\"@graph\":[{\"@type\":\"WebPage\",\"@id\":\"https:\/\/umabci.uma.es\/sicodis\/index.php\/en\/publications\/\",\"url\":\"https:\/\/umabci.uma.es\/sicodis\/index.php\/en\/publications\/\",\"name\":\"Publications SICODIS\",\"isPartOf\":{\"@id\":\"https:\/\/umabci.uma.es\/sicodis\/#website\"},\"datePublished\":\"2019-04-22T11:09:42+00:00\",\"dateModified\":\"2025-10-30T16:28:05+00:00\",\"description\":\"Publications of the project SICODIS in the field of Brain-Computer Interfaces.\",\"breadcrumb\":{\"@id\":\"https:\/\/umabci.uma.es\/sicodis\/index.php\/en\/publications\/#breadcrumb\"},\"inLanguage\":\"es\",\"potentialAction\":[{\"@type\":\"ReadAction\",\"target\":[\"https:\/\/umabci.uma.es\/sicodis\/index.php\/en\/publications\/\"]}]},{\"@type\":\"BreadcrumbList\",\"@id\":\"https:\/\/umabci.uma.es\/sicodis\/index.php\/en\/publications\/#breadcrumb\",\"itemListElement\":[{\"@type\":\"ListItem\",\"position\":1,\"name\":\"Portada\",\"item\":\"https:\/\/umabci.uma.es\/sicodis\/\"},{\"@type\":\"ListItem\",\"position\":2,\"name\":\"Publications\"}]},{\"@type\":\"WebSite\",\"@id\":\"https:\/\/umabci.uma.es\/sicodis\/#website\",\"url\":\"https:\/\/umabci.uma.es\/sicodis\/\",\"name\":\"SICODIS\",\"description\":\"Interfaces Cerebro-Computadora\",\"potentialAction\":[{\"@type\":\"SearchAction\",\"target\":{\"@type\":\"EntryPoint\",\"urlTemplate\":\"https:\/\/umabci.uma.es\/sicodis\/?s={search_term_string}\"},\"query-input\":{\"@type\":\"PropertyValueSpecification\",\"valueRequired\":true,\"valueName\":\"search_term_string\"}}],\"inLanguage\":\"es\"}]}<\/script>\n<!-- \/ Yoast SEO plugin. -->","yoast_head_json":{"title":"Publications SICODIS","description":"Publications of the project SICODIS in the field of Brain-Computer Interfaces.","robots":{"index":"index","follow":"follow","max-snippet":"max-snippet:-1","max-image-preview":"max-image-preview:large","max-video-preview":"max-video-preview:-1"},"canonical":"https:\/\/umabci.uma.es\/sicodis\/index.php\/en\/publications\/","og_locale":"es_ES","og_type":"article","og_title":"Publications SICODIS","og_description":"Publications of the project SICODIS in the field of Brain-Computer Interfaces.","og_url":"https:\/\/umabci.uma.es\/sicodis\/index.php\/en\/publications\/","og_site_name":"SICODIS","article_modified_time":"2025-10-30T16:28:05+00:00","twitter_card":"summary_large_image","twitter_misc":{"Tiempo de lectura":"3 minutos"},"schema":{"@context":"https:\/\/schema.org","@graph":[{"@type":"WebPage","@id":"https:\/\/umabci.uma.es\/sicodis\/index.php\/en\/publications\/","url":"https:\/\/umabci.uma.es\/sicodis\/index.php\/en\/publications\/","name":"Publications SICODIS","isPartOf":{"@id":"https:\/\/umabci.uma.es\/sicodis\/#website"},"datePublished":"2019-04-22T11:09:42+00:00","dateModified":"2025-10-30T16:28:05+00:00","description":"Publications of the project SICODIS in the field of Brain-Computer Interfaces.","breadcrumb":{"@id":"https:\/\/umabci.uma.es\/sicodis\/index.php\/en\/publications\/#breadcrumb"},"inLanguage":"es","potentialAction":[{"@type":"ReadAction","target":["https:\/\/umabci.uma.es\/sicodis\/index.php\/en\/publications\/"]}]},{"@type":"BreadcrumbList","@id":"https:\/\/umabci.uma.es\/sicodis\/index.php\/en\/publications\/#breadcrumb","itemListElement":[{"@type":"ListItem","position":1,"name":"Portada","item":"https:\/\/umabci.uma.es\/sicodis\/"},{"@type":"ListItem","position":2,"name":"Publications"}]},{"@type":"WebSite","@id":"https:\/\/umabci.uma.es\/sicodis\/#website","url":"https:\/\/umabci.uma.es\/sicodis\/","name":"SICODIS","description":"Interfaces Cerebro-Computadora","potentialAction":[{"@type":"SearchAction","target":{"@type":"EntryPoint","urlTemplate":"https:\/\/umabci.uma.es\/sicodis\/?s={search_term_string}"},"query-input":{"@type":"PropertyValueSpecification","valueRequired":true,"valueName":"search_term_string"}}],"inLanguage":"es"}]}},"_links":{"self":[{"href":"https:\/\/umabci.uma.es\/sicodis\/index.php\/wp-json\/wp\/v2\/pages\/49","targetHints":{"allow":["GET"]}}],"collection":[{"href":"https:\/\/umabci.uma.es\/sicodis\/index.php\/wp-json\/wp\/v2\/pages"}],"about":[{"href":"https:\/\/umabci.uma.es\/sicodis\/index.php\/wp-json\/wp\/v2\/types\/page"}],"author":[{"embeddable":true,"href":"https:\/\/umabci.uma.es\/sicodis\/index.php\/wp-json\/wp\/v2\/users\/1"}],"replies":[{"embeddable":true,"href":"https:\/\/umabci.uma.es\/sicodis\/index.php\/wp-json\/wp\/v2\/comments?post=49"}],"version-history":[{"count":40,"href":"https:\/\/umabci.uma.es\/sicodis\/index.php\/wp-json\/wp\/v2\/pages\/49\/revisions"}],"predecessor-version":[{"id":573,"href":"https:\/\/umabci.uma.es\/sicodis\/index.php\/wp-json\/wp\/v2\/pages\/49\/revisions\/573"}],"wp:attachment":[{"href":"https:\/\/umabci.uma.es\/sicodis\/index.php\/wp-json\/wp\/v2\/media?parent=49"}],"curies":[{"name":"wp","href":"https:\/\/api.w.org\/{rel}","templated":true}]}}