{"id":55,"date":"2019-04-22T13:13:09","date_gmt":"2019-04-22T11:13:09","guid":{"rendered":"https:\/\/umabci.uma.es\/sicodis\/?page_id=55"},"modified":"2023-10-18T23:38:30","modified_gmt":"2023-10-18T21:38:30","slug":"resumen","status":"publish","type":"page","link":"https:\/\/umabci.uma.es\/sicodis\/index.php\/resumen\/","title":{"rendered":"Resumen"},"content":{"rendered":"\n<p>Existen numerosas enfermedades que pueden desembocar en una p\u00e9rdida total del control de los m\u00fasculos del cuerpo, como es la Esclerosis Lateral Amiotr\u00f3fica (ELA). En muchos casos, estas personas pueden alcanzar el estado de s\u00edndrome de enclaustramiento (LIS)<br>en el que solo pueden mover los ojos, o s\u00edndrome de enclaustramiento total (CLIS), si tambi\u00e9n pierden el control pierde el control de la mirada.<br>Si bien existen algunos sistemas de interacci\u00f3n que permiten a algunos de estos pacientes comunicarse, como por ejemplo los basados en eye-trackers, en otros casos la \u00fanica alternativa se basa en dotar al paciente de un canal no muscular haciendo uso de interfaces cerebro-computadora (sistemas BCI), siendo la l\u00ednea de investigaci\u00f3n de este proyecto. Los sistemas BCI analizan la se\u00f1al electroencefalogr\u00e1fica (EEG) para generar comandos que se env\u00edan a un ordenador y controlar diversos dispositivos, como puede ser un sistema de comunicaci\u00f3n. Estos sistemas se suelen denominar BCI Speller (deletreador BCI) y suelen ser controlados mediante la atenci\u00f3n visual a diferentes est\u00edmulos que aparecen en una pantalla (com\u00fanmente las letras del abecedario parpadeando aleatoriamente), consiguiendo buenos resultados. Sin embargo, suelen requerir cierto control de la mirada para poder prestar atenci\u00f3n a aquellos s\u00edmbolos o letras alejados del centro de la pantalla. En el caso de pacientes que hayan perdido el control de la mirada a causa del avance de la enfermedad, como es el caso de paciente en estado de CLIS, se hace necesario buscar otras alternativas.<br>Una primera de esas alternativas, poco estudiada, es aquella que, bas\u00e1ndose tambi\u00e9n en est\u00edmulos visuales, presenta los s\u00edmbolos del teclado, uno a uno, en el centro de la pantalla. A este tipo de paradigma de presentaci\u00f3n de est\u00edmulos en serie se le conoce como RSVP (Rapid Serial Visual Presentation). El primer objetivo del proyecto pretende realizar tareas de investigaci\u00f3n que contribuyan a la mejora de los sistemas de comunicaci\u00f3n basados en dicho paradigma. En particular, se trata estudiar nuevas formas de estimulaci\u00f3n visual que<br>provoquen un cambio m\u00e1s f\u00e1cilmente detectable en la se\u00f1al EEG, mejorando as\u00ed el rendimiento del sistema y, por tanto, la capacidad de comunicaci\u00f3n.<br>En los casos de pacientes con problemas de visi\u00f3n, o en un estado muy avanzado de la enfermedad, como es el caso de pacientes en estado de CLIS, se hace necesario recurrir a una segunda alternativa menos explotada. Se trata de los sistemas BCI auditivos, que tienen la ventaja de no depender del canal visual al hacer uso de est\u00edmulos auditivos. El segundo objetivo del proyecto tiene por finalidad investigar sobre propuestas de sistemas que doten de un m\u00ednimo de comunicaci\u00f3n a pacientes en estado de CLIS o LIS pero que no poseen control ocular.<br>Para poder transferir la tecnolog\u00eda basada en sistemas BCI del laboratorio a un uso dom\u00e9stico, estos sistemas deben ser compactos, de bajo coste y f\u00e1ciles de usar. En este sentido, un tercer objetivo de este proyecto es desarrollar un Sistema Aumentativo y Alternativo de Comunicaci\u00f3n (SAAC) compacto y de muy bajo coste, configurable y adaptable a las  necesidades del paciente, que se ejecute sobre una plataforma hardware portable como es una tableta. Adem\u00e1s, dicho sistema podr\u00eda ser usado con un dispositivo de seguimiento de la<br>mirada (eye-tracker) de bajo coste, y a trav\u00e9s del tacto, permitiendo as\u00ed extender su uso a pacientes en un estado de la enfermedad no tan avanzado.<\/p>\n\n\n\n<p> <\/p>\n","protected":false},"excerpt":{"rendered":"<p>Existen numerosas enfermedades que pueden desembocar en una p\u00e9rdida total del control de los m\u00fasculos del cuerpo, como es la Esclerosis Lateral Amiotr\u00f3fica (ELA). En muchos casos, estas personas pueden alcanzar el estado de s\u00edndrome de enclaustramiento (LIS)en el que solo pueden mover los ojos, o s\u00edndrome de enclaustramiento total (CLIS), si tambi\u00e9n pierden el &hellip; <a href=\"https:\/\/umabci.uma.es\/sicodis\/index.php\/resumen\/\" class=\"more-link\">Seguir leyendo <span class=\"screen-reader-text\">Resumen<\/span> <span class=\"meta-nav\">&rarr;<\/span><\/a><\/p>\n","protected":false},"author":1,"featured_media":0,"parent":0,"menu_order":0,"comment_status":"closed","ping_status":"closed","template":"","meta":{"footnotes":""},"class_list":["post-55","page","type-page","status-publish","hentry"],"yoast_head":"<!-- This site is optimized with the Yoast SEO plugin v26.2 - https:\/\/yoast.com\/wordpress\/plugins\/seo\/ -->\n<title>Resumen - SICODIS<\/title>\n<meta name=\"description\" content=\"Aplicaci\u00f3n Speller (Deletreo) desarrcontrolada por un sistema Interfaz Cerebro-Computadora a trav\u00e9s del an\u00e1lisis del EEG\" \/>\n<meta name=\"robots\" content=\"index, follow, max-snippet:-1, max-image-preview:large, max-video-preview:-1\" \/>\n<link rel=\"canonical\" href=\"https:\/\/umabci.uma.es\/sicodis\/index.php\/resumen\/\" \/>\n<meta property=\"og:locale\" content=\"es_ES\" \/>\n<meta property=\"og:type\" content=\"article\" \/>\n<meta property=\"og:title\" content=\"Resumen - SICODIS\" \/>\n<meta property=\"og:description\" content=\"Aplicaci\u00f3n Speller (Deletreo) desarrcontrolada por un sistema Interfaz Cerebro-Computadora a trav\u00e9s del an\u00e1lisis del EEG\" \/>\n<meta property=\"og:url\" content=\"https:\/\/umabci.uma.es\/sicodis\/index.php\/resumen\/\" \/>\n<meta property=\"og:site_name\" content=\"SICODIS\" \/>\n<meta property=\"article:modified_time\" content=\"2023-10-18T21:38:30+00:00\" \/>\n<meta name=\"twitter:card\" content=\"summary_large_image\" \/>\n<meta name=\"twitter:label1\" content=\"Tiempo de lectura\" \/>\n\t<meta name=\"twitter:data1\" content=\"3 minutos\" \/>\n<script type=\"application\/ld+json\" class=\"yoast-schema-graph\">{\"@context\":\"https:\/\/schema.org\",\"@graph\":[{\"@type\":\"WebPage\",\"@id\":\"https:\/\/umabci.uma.es\/sicodis\/index.php\/resumen\/\",\"url\":\"https:\/\/umabci.uma.es\/sicodis\/index.php\/resumen\/\",\"name\":\"Resumen - SICODIS\",\"isPartOf\":{\"@id\":\"https:\/\/umabci.uma.es\/sicodis\/#website\"},\"datePublished\":\"2019-04-22T11:13:09+00:00\",\"dateModified\":\"2023-10-18T21:38:30+00:00\",\"description\":\"Aplicaci\u00f3n Speller (Deletreo) desarrcontrolada por un sistema Interfaz Cerebro-Computadora a trav\u00e9s del an\u00e1lisis del EEG\",\"breadcrumb\":{\"@id\":\"https:\/\/umabci.uma.es\/sicodis\/index.php\/resumen\/#breadcrumb\"},\"inLanguage\":\"es\",\"potentialAction\":[{\"@type\":\"ReadAction\",\"target\":[\"https:\/\/umabci.uma.es\/sicodis\/index.php\/resumen\/\"]}]},{\"@type\":\"BreadcrumbList\",\"@id\":\"https:\/\/umabci.uma.es\/sicodis\/index.php\/resumen\/#breadcrumb\",\"itemListElement\":[{\"@type\":\"ListItem\",\"position\":1,\"name\":\"Portada\",\"item\":\"https:\/\/umabci.uma.es\/sicodis\/\"},{\"@type\":\"ListItem\",\"position\":2,\"name\":\"Resumen\"}]},{\"@type\":\"WebSite\",\"@id\":\"https:\/\/umabci.uma.es\/sicodis\/#website\",\"url\":\"https:\/\/umabci.uma.es\/sicodis\/\",\"name\":\"SICODIS\",\"description\":\"Interfaces Cerebro-Computadora\",\"potentialAction\":[{\"@type\":\"SearchAction\",\"target\":{\"@type\":\"EntryPoint\",\"urlTemplate\":\"https:\/\/umabci.uma.es\/sicodis\/?s={search_term_string}\"},\"query-input\":{\"@type\":\"PropertyValueSpecification\",\"valueRequired\":true,\"valueName\":\"search_term_string\"}}],\"inLanguage\":\"es\"}]}<\/script>\n<!-- \/ Yoast SEO plugin. -->","yoast_head_json":{"title":"Resumen - SICODIS","description":"Aplicaci\u00f3n Speller (Deletreo) desarrcontrolada por un sistema Interfaz Cerebro-Computadora a trav\u00e9s del an\u00e1lisis del EEG","robots":{"index":"index","follow":"follow","max-snippet":"max-snippet:-1","max-image-preview":"max-image-preview:large","max-video-preview":"max-video-preview:-1"},"canonical":"https:\/\/umabci.uma.es\/sicodis\/index.php\/resumen\/","og_locale":"es_ES","og_type":"article","og_title":"Resumen - SICODIS","og_description":"Aplicaci\u00f3n Speller (Deletreo) desarrcontrolada por un sistema Interfaz Cerebro-Computadora a trav\u00e9s del an\u00e1lisis del EEG","og_url":"https:\/\/umabci.uma.es\/sicodis\/index.php\/resumen\/","og_site_name":"SICODIS","article_modified_time":"2023-10-18T21:38:30+00:00","twitter_card":"summary_large_image","twitter_misc":{"Tiempo de lectura":"3 minutos"},"schema":{"@context":"https:\/\/schema.org","@graph":[{"@type":"WebPage","@id":"https:\/\/umabci.uma.es\/sicodis\/index.php\/resumen\/","url":"https:\/\/umabci.uma.es\/sicodis\/index.php\/resumen\/","name":"Resumen - SICODIS","isPartOf":{"@id":"https:\/\/umabci.uma.es\/sicodis\/#website"},"datePublished":"2019-04-22T11:13:09+00:00","dateModified":"2023-10-18T21:38:30+00:00","description":"Aplicaci\u00f3n Speller (Deletreo) desarrcontrolada por un sistema Interfaz Cerebro-Computadora a trav\u00e9s del an\u00e1lisis del EEG","breadcrumb":{"@id":"https:\/\/umabci.uma.es\/sicodis\/index.php\/resumen\/#breadcrumb"},"inLanguage":"es","potentialAction":[{"@type":"ReadAction","target":["https:\/\/umabci.uma.es\/sicodis\/index.php\/resumen\/"]}]},{"@type":"BreadcrumbList","@id":"https:\/\/umabci.uma.es\/sicodis\/index.php\/resumen\/#breadcrumb","itemListElement":[{"@type":"ListItem","position":1,"name":"Portada","item":"https:\/\/umabci.uma.es\/sicodis\/"},{"@type":"ListItem","position":2,"name":"Resumen"}]},{"@type":"WebSite","@id":"https:\/\/umabci.uma.es\/sicodis\/#website","url":"https:\/\/umabci.uma.es\/sicodis\/","name":"SICODIS","description":"Interfaces Cerebro-Computadora","potentialAction":[{"@type":"SearchAction","target":{"@type":"EntryPoint","urlTemplate":"https:\/\/umabci.uma.es\/sicodis\/?s={search_term_string}"},"query-input":{"@type":"PropertyValueSpecification","valueRequired":true,"valueName":"search_term_string"}}],"inLanguage":"es"}]}},"_links":{"self":[{"href":"https:\/\/umabci.uma.es\/sicodis\/index.php\/wp-json\/wp\/v2\/pages\/55","targetHints":{"allow":["GET"]}}],"collection":[{"href":"https:\/\/umabci.uma.es\/sicodis\/index.php\/wp-json\/wp\/v2\/pages"}],"about":[{"href":"https:\/\/umabci.uma.es\/sicodis\/index.php\/wp-json\/wp\/v2\/types\/page"}],"author":[{"embeddable":true,"href":"https:\/\/umabci.uma.es\/sicodis\/index.php\/wp-json\/wp\/v2\/users\/1"}],"replies":[{"embeddable":true,"href":"https:\/\/umabci.uma.es\/sicodis\/index.php\/wp-json\/wp\/v2\/comments?post=55"}],"version-history":[{"count":16,"href":"https:\/\/umabci.uma.es\/sicodis\/index.php\/wp-json\/wp\/v2\/pages\/55\/revisions"}],"predecessor-version":[{"id":521,"href":"https:\/\/umabci.uma.es\/sicodis\/index.php\/wp-json\/wp\/v2\/pages\/55\/revisions\/521"}],"wp:attachment":[{"href":"https:\/\/umabci.uma.es\/sicodis\/index.php\/wp-json\/wp\/v2\/media?parent=55"}],"curies":[{"name":"wp","href":"https:\/\/api.w.org\/{rel}","templated":true}]}}