{"id":78,"date":"2019-04-23T12:05:24","date_gmt":"2019-04-23T10:05:24","guid":{"rendered":"https:\/\/umabci.uma.es\/sicodis\/?page_id=78"},"modified":"2024-07-26T11:48:57","modified_gmt":"2024-07-26T09:48:57","slug":"members","status":"publish","type":"page","link":"https:\/\/umabci.uma.es\/sicodis\/index.php\/en\/members\/","title":{"rendered":"Members"},"content":{"rendered":"\n<div class=\"wp-block-media-text alignwide is-stacked-on-mobile\" style=\"grid-template-columns:15% auto\"><figure class=\"wp-block-media-text__media\"><img decoding=\"async\" src=\"https:\/\/umabci.uma.es\/sicodis\/wp-content\/uploads\/2019\/04\/logo-UMABCI7_800x800.jpg\" alt=\"UMA-BCI logo\"\/><\/figure><div class=\"wp-block-media-text__content\">\n<div class=\"wp-block-group is-vertical is-layout-flex wp-container-core-group-is-layout-8cf370e7 wp-block-group-is-layout-flex\">\n<p>Dr. Ron Angevin, Ricardo (University of M\u00e1laga; UMA)<br>Dr. Velasco \u00c1lvarez, Francisco Javier (UMA)<\/p>\n\n\n\n<p>Dr. Fern\u00e1ndez Rodr\u00edguez, \u00c1lvaro (UMA) <br>Dr. D\u00edaz Estrella, Antonio (UMA)<br>Dr. Valero Aguayo, Luis (UMA) <br>Vizcaino Mart\u00edn, Francisco Javier (UMA)<\/p>\n<\/div>\n\n\n\n<p>Dr. Andr\u00e9, Jean-Marc ( University of  Bordeaux, France; UBU)<br>Dra. Audin-Garc\u00eda, Liliana (UBU)<br>Dra. Lespinet, V\u00e9ronique (UBU)<\/p>\n\n\n\n<p>Dra. Garc\u00eda Garaluz, Esther (ENESO Tecnolog\u00eda de Adaptaci\u00f3n S.L.)<br>Sancha Ros, Salvador (ENESO)<\/p>\n<\/div><\/div>\n","protected":false},"excerpt":{"rendered":"","protected":false},"author":1,"featured_media":0,"parent":0,"menu_order":0,"comment_status":"closed","ping_status":"closed","template":"","meta":{"footnotes":""},"class_list":["post-78","page","type-page","status-publish","hentry"],"yoast_head":"<!-- This site is optimized with the Yoast SEO plugin v27.4 - https:\/\/yoast.com\/product\/yoast-seo-wordpress\/ -->\n<title>Members - SICODIS<\/title>\n<meta name=\"description\" content=\"Members\" \/>\n<meta name=\"robots\" content=\"index, follow, max-snippet:-1, max-image-preview:large, max-video-preview:-1\" \/>\n<link rel=\"canonical\" href=\"https:\/\/umabci.uma.es\/sicodis\/index.php\/en\/members\/\" \/>\n<meta property=\"og:locale\" content=\"es_ES\" \/>\n<meta property=\"og:type\" content=\"article\" \/>\n<meta property=\"og:title\" content=\"Members - SICODIS\" \/>\n<meta property=\"og:description\" content=\"Members\" \/>\n<meta property=\"og:url\" content=\"https:\/\/umabci.uma.es\/sicodis\/index.php\/en\/members\/\" \/>\n<meta property=\"og:site_name\" content=\"SICODIS\" \/>\n<meta property=\"article:modified_time\" content=\"2024-07-26T09:48:57+00:00\" \/>\n<meta property=\"og:image\" content=\"https:\/\/umabci.uma.es\/sicodis\/wp-content\/uploads\/2019\/04\/logo-UMABCI7_800x800.jpg\" \/>\n<meta name=\"twitter:card\" content=\"summary_large_image\" \/>\n<meta name=\"twitter:label1\" content=\"Tiempo de lectura\" \/>\n\t<meta name=\"twitter:data1\" content=\"1 minuto\" \/>\n<script type=\"application\/ld+json\" class=\"yoast-schema-graph\">{\"@context\":\"https:\\\/\\\/schema.org\",\"@graph\":[{\"@type\":\"WebPage\",\"@id\":\"https:\\\/\\\/umabci.uma.es\\\/sicodis\\\/index.php\\\/en\\\/members\\\/\",\"url\":\"https:\\\/\\\/umabci.uma.es\\\/sicodis\\\/index.php\\\/en\\\/members\\\/\",\"name\":\"Members - SICODIS\",\"isPartOf\":{\"@id\":\"https:\\\/\\\/umabci.uma.es\\\/sicodis\\\/#website\"},\"primaryImageOfPage\":{\"@id\":\"https:\\\/\\\/umabci.uma.es\\\/sicodis\\\/index.php\\\/en\\\/members\\\/#primaryimage\"},\"image\":{\"@id\":\"https:\\\/\\\/umabci.uma.es\\\/sicodis\\\/index.php\\\/en\\\/members\\\/#primaryimage\"},\"thumbnailUrl\":\"https:\\\/\\\/umabci.uma.es\\\/sicodis\\\/wp-content\\\/uploads\\\/2019\\\/04\\\/logo-UMABCI7_800x800.jpg\",\"datePublished\":\"2019-04-23T10:05:24+00:00\",\"dateModified\":\"2024-07-26T09:48:57+00:00\",\"description\":\"Members\",\"breadcrumb\":{\"@id\":\"https:\\\/\\\/umabci.uma.es\\\/sicodis\\\/index.php\\\/en\\\/members\\\/#breadcrumb\"},\"inLanguage\":\"es\",\"potentialAction\":[{\"@type\":\"ReadAction\",\"target\":[\"https:\\\/\\\/umabci.uma.es\\\/sicodis\\\/index.php\\\/en\\\/members\\\/\"]}]},{\"@type\":\"ImageObject\",\"inLanguage\":\"es\",\"@id\":\"https:\\\/\\\/umabci.uma.es\\\/sicodis\\\/index.php\\\/en\\\/members\\\/#primaryimage\",\"url\":\"https:\\\/\\\/umabci.uma.es\\\/sicodis\\\/wp-content\\\/uploads\\\/2019\\\/04\\\/logo-UMABCI7_800x800.jpg\",\"contentUrl\":\"https:\\\/\\\/umabci.uma.es\\\/sicodis\\\/wp-content\\\/uploads\\\/2019\\\/04\\\/logo-UMABCI7_800x800.jpg\"},{\"@type\":\"BreadcrumbList\",\"@id\":\"https:\\\/\\\/umabci.uma.es\\\/sicodis\\\/index.php\\\/en\\\/members\\\/#breadcrumb\",\"itemListElement\":[{\"@type\":\"ListItem\",\"position\":1,\"name\":\"Portada\",\"item\":\"https:\\\/\\\/umabci.uma.es\\\/sicodis\\\/\"},{\"@type\":\"ListItem\",\"position\":2,\"name\":\"Members\"}]},{\"@type\":\"WebSite\",\"@id\":\"https:\\\/\\\/umabci.uma.es\\\/sicodis\\\/#website\",\"url\":\"https:\\\/\\\/umabci.uma.es\\\/sicodis\\\/\",\"name\":\"SICODIS\",\"description\":\"Interfaces Cerebro-Computadora\",\"potentialAction\":[{\"@type\":\"SearchAction\",\"target\":{\"@type\":\"EntryPoint\",\"urlTemplate\":\"https:\\\/\\\/umabci.uma.es\\\/sicodis\\\/?s={search_term_string}\"},\"query-input\":{\"@type\":\"PropertyValueSpecification\",\"valueRequired\":true,\"valueName\":\"search_term_string\"}}],\"inLanguage\":\"es\"}]}<\/script>\n<!-- \/ Yoast SEO plugin. -->","yoast_head_json":{"title":"Members - SICODIS","description":"Members","robots":{"index":"index","follow":"follow","max-snippet":"max-snippet:-1","max-image-preview":"max-image-preview:large","max-video-preview":"max-video-preview:-1"},"canonical":"https:\/\/umabci.uma.es\/sicodis\/index.php\/en\/members\/","og_locale":"es_ES","og_type":"article","og_title":"Members - SICODIS","og_description":"Members","og_url":"https:\/\/umabci.uma.es\/sicodis\/index.php\/en\/members\/","og_site_name":"SICODIS","article_modified_time":"2024-07-26T09:48:57+00:00","og_image":[{"url":"https:\/\/umabci.uma.es\/sicodis\/wp-content\/uploads\/2019\/04\/logo-UMABCI7_800x800.jpg","type":"","width":"","height":""}],"twitter_card":"summary_large_image","twitter_misc":{"Tiempo de lectura":"1 minuto"},"schema":{"@context":"https:\/\/schema.org","@graph":[{"@type":"WebPage","@id":"https:\/\/umabci.uma.es\/sicodis\/index.php\/en\/members\/","url":"https:\/\/umabci.uma.es\/sicodis\/index.php\/en\/members\/","name":"Members - SICODIS","isPartOf":{"@id":"https:\/\/umabci.uma.es\/sicodis\/#website"},"primaryImageOfPage":{"@id":"https:\/\/umabci.uma.es\/sicodis\/index.php\/en\/members\/#primaryimage"},"image":{"@id":"https:\/\/umabci.uma.es\/sicodis\/index.php\/en\/members\/#primaryimage"},"thumbnailUrl":"https:\/\/umabci.uma.es\/sicodis\/wp-content\/uploads\/2019\/04\/logo-UMABCI7_800x800.jpg","datePublished":"2019-04-23T10:05:24+00:00","dateModified":"2024-07-26T09:48:57+00:00","description":"Members","breadcrumb":{"@id":"https:\/\/umabci.uma.es\/sicodis\/index.php\/en\/members\/#breadcrumb"},"inLanguage":"es","potentialAction":[{"@type":"ReadAction","target":["https:\/\/umabci.uma.es\/sicodis\/index.php\/en\/members\/"]}]},{"@type":"ImageObject","inLanguage":"es","@id":"https:\/\/umabci.uma.es\/sicodis\/index.php\/en\/members\/#primaryimage","url":"https:\/\/umabci.uma.es\/sicodis\/wp-content\/uploads\/2019\/04\/logo-UMABCI7_800x800.jpg","contentUrl":"https:\/\/umabci.uma.es\/sicodis\/wp-content\/uploads\/2019\/04\/logo-UMABCI7_800x800.jpg"},{"@type":"BreadcrumbList","@id":"https:\/\/umabci.uma.es\/sicodis\/index.php\/en\/members\/#breadcrumb","itemListElement":[{"@type":"ListItem","position":1,"name":"Portada","item":"https:\/\/umabci.uma.es\/sicodis\/"},{"@type":"ListItem","position":2,"name":"Members"}]},{"@type":"WebSite","@id":"https:\/\/umabci.uma.es\/sicodis\/#website","url":"https:\/\/umabci.uma.es\/sicodis\/","name":"SICODIS","description":"Interfaces Cerebro-Computadora","potentialAction":[{"@type":"SearchAction","target":{"@type":"EntryPoint","urlTemplate":"https:\/\/umabci.uma.es\/sicodis\/?s={search_term_string}"},"query-input":{"@type":"PropertyValueSpecification","valueRequired":true,"valueName":"search_term_string"}}],"inLanguage":"es"}]}},"_links":{"self":[{"href":"https:\/\/umabci.uma.es\/sicodis\/index.php\/wp-json\/wp\/v2\/pages\/78","targetHints":{"allow":["GET"]}}],"collection":[{"href":"https:\/\/umabci.uma.es\/sicodis\/index.php\/wp-json\/wp\/v2\/pages"}],"about":[{"href":"https:\/\/umabci.uma.es\/sicodis\/index.php\/wp-json\/wp\/v2\/types\/page"}],"author":[{"embeddable":true,"href":"https:\/\/umabci.uma.es\/sicodis\/index.php\/wp-json\/wp\/v2\/users\/1"}],"replies":[{"embeddable":true,"href":"https:\/\/umabci.uma.es\/sicodis\/index.php\/wp-json\/wp\/v2\/comments?post=78"}],"version-history":[{"count":13,"href":"https:\/\/umabci.uma.es\/sicodis\/index.php\/wp-json\/wp\/v2\/pages\/78\/revisions"}],"predecessor-version":[{"id":555,"href":"https:\/\/umabci.uma.es\/sicodis\/index.php\/wp-json\/wp\/v2\/pages\/78\/revisions\/555"}],"wp:attachment":[{"href":"https:\/\/umabci.uma.es\/sicodis\/index.php\/wp-json\/wp\/v2\/media?parent=78"}],"curies":[{"name":"wp","href":"https:\/\/api.w.org\/{rel}","templated":true}]}}